r of 1457 and 123504?
31
What is the greatest common divisor of 25334 and 9986048?
106
Calculate the highest common divisor of 16136624 and 67032.
1064
What is the highest common factor of 3503786 and 13222?
22
Calculate the highest common factor of 4246 and 646382.
22
Calculate the highest common divisor of 1959759 and 112548.
339
What is the greatest common divisor of 24028 and 2164?
4
Calculate the highest common factor of 585649 and 16192.
23
Calculate the highest common divisor of 298762142 and 29148.
4858
What is the highest common divisor of 101641800 and 1300?
1300
Calculate the highest common factor of 529042 and 3818.
166
What is the highest common factor of 70 and 145019530?
10
Calculate the greatest common divisor of 746 and 91211182.
746
What is the greatest common factor of 2 and 48549058?
2
What is the highest common factor of 129626026 and 808?
202
Calculate the highest common divisor of 18 and 556558416.
18
Calculate the greatest common factor of 324 and 133682196.
12
What is the highest common divisor of 14168 and 3790864?
616
Calculate the highest common divisor of 261999488 and 32.
32
What is the highest common factor of 430982 and 37693762?
3814
Calculate the greatest common factor of 556 and 12905177.
139
Calculate the highest common factor of 148 and 33867839.
37
What is the greatest common factor of 10044012 and 5016?
132
Calculate the highest common factor of 105436084 and 1612.
1612
Calculate the greatest common factor of 164 and 415781.
41
What is the greatest common divisor of 543531 and 135443?
1759
What is the highest common divisor of 249537 and 35011?
223
What is the greatest common divisor of 85159188 and 648?
324
Calculate the greatest common factor of 1932 and 9724492.
92
Calculate the greatest common factor of 46868186 and 2.
2
What is the greatest common factor of 37419921 and 385?
77
Calculate the highest common divisor of 339 and 88924107.
339
Calculate the greatest common factor of 6767 and 6176554.
101
What is the highest common factor of 5517806 and 2?
2
What is the highest common divisor of 15 and 5149620?
15
Calculate the highest common divisor of 3739949216 and 32.
32
What is the highest common divisor of 1258 and 523106?
74
Calculate the greatest common divisor of 6128 and 1125637.
383
Calculate the highest common factor of 5092701 and 340308.
411
What is the greatest common factor of 1732 and 135764?
4
What is the greatest common divisor of 620 and 39180?
20
What is the highest common factor of 21475 and 2092524?
859
What is the highest common factor of 48 and 2046765?
3
What is the highest common factor of 214731 and 13255?
2651
What is the highest common factor of 201194 and 22036?
14
Calculate the greatest common divisor of 48465 and 259335.
135
Calculate the highest common factor of 1720656 and 9296.
112
Calculate the greatest common factor of 22589295 and 15.
15
Calculate the greatest common factor of 1167647 and 117.
13
What is the greatest common factor of 1418656 and 4832?
32
What is the highest common factor of 20 and 3555045980?
20
What is the highest common factor of 112 and 114490432?
112
Calculate the greatest common factor of 40648380 and 120.
60
Calculate the highest common factor of 12160 and 33134860.
380
What is the highest common divisor of 408 and 189177122?
34
Calculate the greatest common factor of 1296 and 20435544.
216
What is the greatest common factor of 224688 and 7788882?
906
What is the highest common factor of 4390169335 and 85?
85
Calculate the greatest common divisor of 267687329 and 273.
91
What is the greatest common factor of 53001 and 527443?
151
Calculate the highest common factor of 461265 and 16200429.
4011
Calculate the highest common divisor of 6027 and 16674987.
861
Calculate the greatest common factor of 4656278 and 88.
22
Calculate the highest common factor of 2622 and 5838918.
138
Calculate the greatest common factor of 4661136 and 576.
144
What is the greatest common factor of 4502 and 474416258?
4502
Calculate the highest common divisor of 174887 and 123657.
47
What is the greatest common divisor of 15072 and 77026398?
942
What is the highest common divisor of 3703706 and 16066?
58
Calculate the highest common divisor of 84903672 and 5402.
146
Calculate the highest common factor of 247005 and 24090.
165
Calculate the greatest common factor of 4085 and 104898715.
4085
What is the greatest common divisor of 49256371 and 129?
43
Calculate the greatest common divisor of 81900 and 21385.
455
What is the highest common factor of 97 and 786201199?
97
Calculate the highest common divisor of 4268570 and 10787.
1541
Calculate the highest common divisor of 1288 and 9144184.
56
What is the highest common factor of 515698205 and 1065?
355
What is the highest common divisor of 1002968067 and 57?
57
Calculate the greatest common divisor of 4245 and 51849562.
283
Calculate the highest common factor of 50376160 and 160.
160
Calculate the greatest common divisor of 146160365 and 1040.
65
Calculate the highest common factor of 3434736 and 26406.
978
What is the greatest common factor of 4040 and 129354740?
2020
What is the greatest common factor of 92729 and 16289?
91
What is the greatest common factor of 3067267 and 376?
47
What is the greatest common factor of 731612 and 7735721?
10759
Calculate the highest common divisor of 385 and 25408152.
77
What is the highest common divisor of 85244834 and 34?
34
Calculate the greatest common factor of 3530680 and 253272.
488
Calculate the highest common factor of 3991164 and 4886.
698
What is the highest common factor of 806 and 9483086?
62
What is the highest common divisor of 1309 and 2246125?
119
Calculate the highest common factor of 8390 and 9104828.
1678
What is the greatest common divisor of 45 and 14170?
5
Calculate the greatest common divisor of 150976 and 105217.
7
What is the greatest common divisor of 932550924 and 6582?
6582
What is the highest common divisor of 2886 and 20272122?
78
Calculate the greatest common factor of 30270695 and 343.
7
Calculate the greatest common divisor of 2130 and 16942020.
2130
Calculate the highest common divisor of 2173264 and 496.
16
Calculate the greatest common divisor of 455 and 62763155.
455
Calculate the greatest common factor of 153166 and 232489.
137
What is the highest common divisor of 1196910 and 78975?
1755
Calculate the greatest common factor of 96590825 and 50.
25
Calculate the greatest common divisor of 467 and 8080034.
467
Calculate the greatest common factor of 92927615 and 110.
55
What is the greatest common divisor of 138 and 14312946?
138
Calculate the greatest common factor of 9578 and 50892703.
4789
Calculate the greatest common factor of 519848 and 224.
56
Calculate the greatest common factor of 699048 and 69160.
1064
What is the greatest common factor of 25822732 and 6123?
2041
Calculate the highest common factor of 327 and 24116359.
109
What is the greatest common factor of 111090 and 976695?
345
Calculate the greatest common factor of 1802 and 19923124.
106
Calculate the greatest common divisor of 168 and 18149888.
8
What is the highest common divisor of 5842204 and 2573?
83
Calculate the highest common factor of 900 and 103386300.
300
What is the greatest common factor of 4862 and 3305038?
374
What is the highest common divisor of 58479168 and 14784?
2112
Calculate the highest common factor of 3 and 7436706.
3
Calculate the greatest common divisor of 3694795 and 299.
13
Calculate the highest common divisor of 1340040 and 96.
24
Calculate the greatest common divisor of 88165924 and 982.
982
Calculate the greatest common divisor of 518176 and 352.
32
Calculate the greatest common divisor of 3943441 and 1034.
47
What is the greatest common divisor of 26 and 313183?
13
Calculate the highest common factor of 111080 and 26080.
40
What is the highest common divisor of 116 and 2324829544?
116
Calculate the greatest common factor of 59361 and 9704892.
1263
What is the highest common factor of 780 and 53978080?
260
What is the greatest common factor of 17942734 and 27420?
914
Calculate the greatest common divisor of 238 and 373031148.
14
What is the highest common factor of 323792 and 1510400?
944
Calculate the highest common factor of 476392 and 2353.
181
What i